l(o) = -169*o**2 + 2472*o + 965. Determine l(15).
20
Let v(z) = -2*z**2 - 555*z + 83804. Calculate v(-386).
42
Let f(h) = -5*h**2 - 34064*h - 374094. Give f(-11).
5
Let x(d) = -7*d**2 - 70*d + 2083. Determine x(-23).
-10
Let d(a) = 96*a + 5732. Calculate d(-70).
-988
Let l(z) = 33*z**2 + 1196*z + 3356. Calculate l(-3).
65
Let x(h) = -h**2 + 505*h - 49230. What is x(373)?
6
Let m(u) = 186*u**2 - 8926*u - 97. What is m(48)?
-1
Let d(p) = -266433*p - 7. Calculate d(0).
-7
Let c(g) = -3324*g + 93114. Calculate c(28).
42
Let h(a) = 2*a**2 - 41512*a + 166015. Calculate h(4).
-1
Let m(r) = 2*r**3 - 7*r**2 - 2102*r + 6307. Give m(3).
-8
Let i(q) = 10*q**2 - 2824*q + 14967. What is i(277)?
9
Let s(j) = -8*j**3 - 20*j**2 + 142*j - 8. Determine s(5).
-798
Let g(t) = -2*t**3 - 344*t**2 - 71*t - 11639. What is g(-172)?
573
Let j(o) = o**3 - 28*o**2 - 71*o + 329. Determine j(30).
-1
Let h(v) = -198*v - 1614. Determine h(-17).
1752
Let n(q) = 10*q**2 + 1853*q + 42741. Give n(-27).
0
Let g(c) = -c**3 + 8*c**2 + 150*c - 1096. Determine g(7).
3
Let y(x) = x**2 + 306*x + 20112. Give y(-218).
928
Let g(w) = -8*w**2 + 3329*w - 406. Give g(416).
10
Let h(p) = -9272*p - 547043. Calculate h(-59).
5
Let u(n) = 1969*n - 9969. Calculate u(5).
-124
Let z(d) = -341*d**3 - 3408*d**2 + 28*d - 5. Determine z(-10).
-85
Let m(h) = -12*h**2 + 1033*h - 3071. Calculate m(3).
-80
Let a(s) = -s**3 + 284*s**2 + 15181*s - 240. What is a(330)?
90
Let k(f) = -151540*f - 1060727. Give k(-7).
53
Let s(o) = -7*o**2 + 7948*o - 694725. Determine s(1040).
-5
Let h(z) = 2921*z**2 - 11756*z + 190. Give h(4).
-98
Let k(w) = -3948*w - 51260. Calculate k(-13).
64
Let u(p) = 2*p**3 + 5*p**2 - 33230*p - 66469. Determine u(-2).
-5
Let f(t) = 7166*t + 44042. Give f(-6).
1046
Let y(n) = n**3 + 7*n**2 + 10541*n + 52656. What is y(-5)?
1
Let r(n) = -721*n - 10039. Calculate r(-16).
1497
Let v(y) = 5*y**2 - 15*y + 89. What is v(-15)?
1439
Let i(q) = q**2 - 32827*q + 557778. Calculate i(17).
8
Let w(j) = -2*j**3 + 58*j**2 + 195*j - 2113. Calculate w(31).
88
Let h(n) = 80497*n**2 - 80508*n + 13. What is h(1)?
2
Let q(r) = -6761*r + 473086. What is q(70)?
-184
Let r(n) = 755*n**3 + 2*n**2 + n. Calculate r(1).
758
Let b(f) = 2375*f**3 - 16628*f**2 - 7*f + 129. Give b(7).
-67
Let o(u) = 31*u**2 + 1685*u - 66883. Calculate o(-81).
23
Let v(c) = 5*c**2 + 169*c - 3163. Give v(-47).
-61
Let f(t) = 6*t**3 + 54*t**2 - 1230*t - 12165. Calculate f(-12).
3
Let b(f) = -2*f**2 + 409*f + 7506. What is b(-20)?
-1474
Let o(i) = -i**2 - 1462*i - 14523. Give o(-10).
-3
Let s(f) = f**3 - 4165*f**2 - 50122*f + 29. What is s(-12)?
5
Let r(p) = -146*p**2 + 54*p + 2531. What is r(-4)?
-21
Let k(v) = -617*v + 7392. Determine k(9).
1839
Let l(n) = 18*n**3 + 27*n**2 - 72*n - 4. Give l(-3).
-31
Let k(a) = 24800*a + 297591. What is k(-12)?
-9
Let z(x) = 3*x**2 - 1007*x - 21572. Calculate z(356).
144
Let r(j) = -3*j**3 - 41*j**2 + 9*j + 167. Determine r(-10).
-1023
Let o(r) = 34*r**2 - 4386*r - 124. What is o(129)?
-124
Let h(a) = 8*a**2 - 237*a + 945. Give h(24).
-135
Let d(p) = -54090*p + 486804. Determine d(9).
-6
Let s(b) = -b**2 - 46*b - 482. Determine s(-12).
-74
Let w(x) = -3*x**2 + 399*x + 3825. Give w(-9).
-9
Let f(q) = 17*q**2 - 240*q - 311. Determine f(15).
-86
Let p(d) = 2142*d - 5. What is p(2)?
4279
Let s(g) = 562*g - 4384. Determine s(5).
-1574
Let u(l) = 69*l**3 + 8351*l**2 + 215*l - 3286. Calculate u(-121).
-19
Let a(l) = -93*l**3 + 3*l**2 + 26*l - 61. Give a(2).
-741
Let g(v) = 75*v**3 - 884*v**2 - 110*v - 979. Give g(12).
5
Let u(v) = -6437*v + 19176. What is u(3)?
-135
Let a(m) = -110*m**2 - 1371*m - 11. What is a(-10)?
2699
Let s(x) = 16*x**3 + 446*x**2 - 183*x - 3559. What is s(-28)?
-3
Let r(d) = -18112*d + 162984. Determine r(9).
-24
Let f(x) = -139*x + 7248. Give f(54).
-258
Let z(d) = -d**3 - 131*d**2 - 258*d + 182. What is z(-129)?
182
Let r(k) = k**2 - 12063*k + 336974. Give r(28).
-6
Let y(b) = -b**2 + 243*b - 12361. Calculate y(175).
-461
Let p(z) = -4*z**3 + 70*z**2 - 245*z + 18. Calculate p(13).
-125
Let z(b) = -401*b - 41853. What is z(-107)?
1054
Let z(x) = x**2 + 72*x - 1766. Determine z(-91).
-37
Let h(l) = -455*l + 6732. What is h(14)?
362
Let u(r) = r**3 + 21*r**2 - 702*r + 60. What is u(-39)?
60
Let l(q) = 48922*q + 97851. Calculate l(-2).
7
Let w(k) = -2517*k + 109533. Determine w(44).
-1215
Let h(u) = -373*u - 74598. What is h(-198)?
-744
Let d(l) = -10*l**2 + 3361*l - 3700. Calculate d(335).
-15
Let g(a) = 5*a**2 + 162*a - 27512. What is g(-92)?
-96
Let i(f) = -48486*f + 921195. Determine i(19).
-39
Let x(o) = -2*o**2 - 143*o - 3123. Give x(-29).
-658
Let d(x) = 297*x**2 + 32991*x - 206. What is d(-111)?
-2870
Let a(u) = u**3 - 627*u**2 - 12935*u + 100. Give a(-20).
0
Let t(l) = 21*l**2 + 7067*l - 24809. Determine t(-340).
11
Let d(p) = 75879*p - 607121. Determine d(8).
-89
Let d(b) = -528*b - 6656. What is d(-13)?
208
Let z(j) = -7961*j + 47659. Determine z(6).
-107
Let i(p) = -2*p**3 + 353*p**2 - 1942*p + 126473. What is i(173)?
10
Let w(v) = -2*v**3 - 40*v**2 - 181*v. What is w(-13)?
-13
Let r(x) = -5*x**3 - 486*x**2 - 136*x - 3782. What is r(-97)?
1
Let t(k) = -53551*k + 267744. Give t(5).
-11
Let g(h) = -h**3 - 93*h**2 - 1365*h - 1127. Determine g(-75).
-2
Let z(d) = -d**3 - 220*d**2 + 602*d - 14936. What is z(-223)?
5
Let l(b) = 1960*b - 3868. Give l(2).
52
Let u(t) = -123885*t**2 - 3097124*t + 23. Determine u(-25).
-2
Let x(b) = -32*b + 462. Give x(16).
-50
Let k(b) = b**2 + 144*b + 2830. Determine k(-69).
-2345
Let a(v) = 760*v - 167110. Calculate a(220).
90
Let w(c) = -778*c + 4882. What is w(7)?
-564
Let d(v) = -100*v + 7013. Calculate d(59).
1113
Let x(n) = -1497*n + 29573. Calculate x(18).
2627
Let j(w) = -42345*w + 42382. Give j(1).
37
Let k(h) = 7*h**3 - 7*h**2 - 55*h + 238. Determine k(3).
199
Let s(l) = -146*l**2 + 59*l + 152. Calculate s(-3).
-1339
Let y(i) = 2529*i + 14974. Determine y(-6).
-200
Let z(d) = d**3 + 24*d**2 + 199*d - 819. Give z(-16).
-1955
Let y(q) = -1236*q + 40938. Calculate y(31).
2622
Let v(r) = -1604*r - 86604. Determine v(-54).
12
Let x(d) = 6*d**2 - 37702*d - 566885. Calculate x(-15).
-5
Let i(c) = -399*c - 5429. Determine i(-17).
1354
Let k(u) = -u**3 + 36*u**2 + 709*u + 261. Calculate k(50).
711
Let u(r) = -360*r + 24327. Determine u(68).
-153
Let l(z) = 6*z**2 - 3848*z - 19346. Determine l(-5).
44
Let w(y) = -4*y**3 - 252*y**2 + 2*y + 14. Calculate w(-63).
-112
Let a(n) = n**3 + 43*n**2 - 15768*n + 3840. Give a(-149).
-34
Let q(w) = -3065*w - 545556. Give q(-178).
14
Let v(f) = 2*f**2 - 53*f - 4373. What is v(64)?
427
Let r(g) = -2*g**2 + 18724*g - 93506. Give r(5).
64
Let v(j) = 255*j**2 - 14771*j - 1082. Calculate v(58).
20
Let s(h) = 15750*h - 377039. Determine s(24).
961
Let u(a) = 3*a**2 - 230*a + 2407. Calculate u(12).
79
Let z(c) = 790*c**2 + 561*c - 562. Determine z(1).
789
Let v(d) = -d**3 - 610*d**2 + 46*d + 28058. What is v(-610)?
-2
Let w(v) = -6*v**2 - 610*v + 4832. Determine w(8).
-432
Let y(o) = -51*o**2 - 818*o - 470. What is y(-16)?
-438
Let t(x) = 2*x**3 + 112*x**2 + 194*x + 17461. Determine t(-57).
-95
Let r(k) = 7*k**3 - 74*k**2 + 112*k - 613. Determine r(8).
-869
Let h(d) = -5458*d - 49128. Determine h(-9).
-6
Let d(l) = l**3 + 211*l**2 + 4487*l - 255. Determine d(-187).
-68
Let c(t) = 2*t**2 - 2205*t - 17736. Determine c(-8).
32
Let j(x) = -x**3 - 19*x**2 + 65*x + 739. Give j(-18).
-755
Let q(c) = c**3 - 40*c**2 - 2411*c - 48. Determine q(73).
-194
Let r(j) = 1597*j - 15887. What is r(10)?
83
Let a(i) = 762*i - 29933. Give a(40).
547
Let v(y) = 28*y**3 - 2*y**2 + 129*y - 698. Calculate v(5).
3397
Let r(i) = -33704*i - 101136. What is r(-3)?
-24
Let c(l) = l**2 - 2238*l - 60983. Determine c(-27).
172
Let q(g) = -g**3 - 44*g**2 - 225*g + 11. Calculate q(-8).
-493
Let z(b) = 31*b**2 - 1600*b - 77. Determine z(50).
-2577
Let g(h) = -246*h**2 + 2489*h - 2462. Calculate g(9).
13
Let t(b) = -45*b**3 + 17*b**2 - 26*b - 61. Give t(-2).
419
Let f(p) = 2*p**3 - 349*p**2 - 202*p + 4018. Determine f(175).
-707
Let a(i) = 13*i**3 - 2*i**2 - 89*i + 187. Determine a(4).
631
Let p(o) = 8183*o - 1792069. What is p(219)?
8
Let r(u) = -6*u**2 + 7038*u - 131561. Determine r(1154).
-5
Let a(d) = d**3 + 28*d**2 - 1442*d - 6192. Calculate a(-53).
9
